er when 3256/32 - 3/q is divided by 26?
23
Let p = 15 - 9. Suppose 50 - p = 4*a - 5*v, -a + v = -10. Suppose -u + 6 = 2. Calculate the remainder when a is divided by u.
2
Calculate the remainder when 65 + -1 + 2 + 1 + 2 is divided by 12.
9
Let z be (10/(-4) + 3)*-94. Let r = -27 - z. Let v = -14 + r. What is the remainder when 17 is divided by v?
5
Calculate the remainder when 124 is divided by (117 - 1)/4 - 4.
24
Let v = -3 + 12. Let z be (-4)/30 + (-128)/(-60). Suppose -z*w - 5*t + 62 = 0, w - 4*t - 11 = 7. What is the remainder when w is divided by v?
8
Suppose 3*q + a + 32 = -2*q, 2*q + 14 = -a. Calculate the remainder when q/2*150/(-9) is divided by 17.
16
Suppose -4*u + 39 = -2*h + 117, -2*h = -5*u - 74. Suppose -3*g - 5*m + 31 = -22, 67 = 4*g + 3*m. What is the remainder when h is divided by g?
15
Let x(g) = -g**2. Let r(k) = 2*k**2 + k - 11. Let w(d) = -r(d) - 3*x(d). What is the remainder when 31 is divided by w(0)?
9
Let h = 13 + 3. Calculate the remainder when 62 is divided by h.
14
Let o = 6 - 4. Suppose -m - 2*m - 982 = o*w, -m - 299 = -5*w. Calculate the remainder when (2/(-4))/(6/m) is divided by 15.
12
Suppose 0 = -4*y - 5*w + 182, 4*w = -2*y + y + 51. Calculate the remainder when y is divided by 23.
20
Suppose 16 = 3*n + m, n - 12 = -0*n - 2*m. Suppose n*t = 12 - 260. Let l = -25 - t. Calculate the remainder when l is divided by 13.
11
Let v = 48 + -21. What is the remainder when 79 is divided by v?
25
Suppose -4*l - l - 20 = 0. What is the remainder when 56 is divided by l/12 + 58/3?
18
Let i = 32 - 25. What is the remainder when 17 is divided by i?
3
Let m(s) = -6*s - 1. Calculate the remainder when m(-1) is divided by 3/(3 + (-4)/2).
2
Suppose t + 4 - 11 = 0. What is the remainder when 25 is divided by t?
4
Let v = -94 + 136. What is the remainder when v is divided by 1 + 2/(-4)*-28?
12
Suppose p - 15 = -2. Calculate the remainder when p is divided by 8.
5
Let f(o) = -o**3 + 22*o**2 + o - 12. Let y(h) = -h**3 - 4*h**2 + 3. What is the remainder when y(-5) is divided by f(22)?
8
Calculate the remainder when 51/5 + (-7)/35 is divided by 4.
2
Suppose -3*m = -12, 2*s + 0*m = -2*m + 182. Calculate the remainder when s is divided by 30.
27
Suppose -4*p + 20 = -5*a, -2*p - 4*a = 11 - 47. Calculate the remainder when 47 is divided by p.
7
Let w = 28 - 6. Calculate the remainder when 36 is divided by w.
14
Suppose 2*r + 8 = 5*t + 33, -2*r + 3*t + 19 = 0. Calculate the remainder when 14 is divided by r.
4
Suppose 2*l - l = y + 51, 3*l = -y + 169. What is the remainder when l is divided by (1 + 0)*38*(-8)/(-16)?
17
Let n(d) be the first derivative of 1/3*d**3 + 8*d - 1 + 7/2*d**2. Calculate the remainder when 4 is divided by n(-6).
0
Suppose 0*d - d + 5*g = -6, d - 6 = 2*g. Let a = -11 + 36. Let c = -8 + a. What is the remainder when c is divided by d?
5
Let j(f) be the first derivative of f**2/2 + 58*f + 3. What is the remainder when j(0) is divided by 15?
13
Let g be 9/(-6)*-2 - 1. Suppose -3*r + 10 = -g*r. Calculate the remainder when r is divided by 4.
2
What is the remainder when ((-18)/8)/((-14)/280) is divided by 15?
0
Suppose -5*u + 44 = 4*l - 56, 0 = -2*l. Calculate the remainder when u is divided by (-1 - -2)/((-2)/(-22)).
9
What is the remainder when (16/(-3))/((-1)/6) is divided by 34/4*(1 + 1)?
15
Suppose -3*o + 33 = -3. Let a(z) = z**2 + 5. What is the remainder when a(-4) is divided by o?
9
Let z = 5 - -2. Let t be (-9)/2*4/(-6). Suppose 3*k + 3*u - 63 = 0, 2*k = -5*u + 45 + t. What is the remainder when k is divided by z?
5
Calculate the remainder when (-87)/145 + 593/5 is divided by 24.
22
Suppose 33 - 2 = h. What is the remainder when 120 is divided by h?
27
Let f = -41 - -64. Let t = -12 + f. Suppose -4*k - 80 = 3*m - 229, -5*m + 200 = -3*k. What is the remainder when m is divided by t?
10
Let b = 47 + -19. Suppose 0 = -25*k + 28*k - 144. Suppose 4*a - 12 = k. Calculate the remainder when b is divided by a.
13
Suppose 2*c - 3*i = 287, c - 5*i - 140 = -0*c. What is the remainder when c is divided by 21?
19
Suppose 2*o - p = 4*p - 5, -3*p = -9. Suppose o*f = 0, 130 = 4*j + j + 3*f. Suppose -2*q + 3 = -11. What is the remainder when j is divided by q?
5
Let y = 10 - -4. What is the remainder when 243/21 + 6/y is divided by 5?
2
Suppose -c + 2*c - 3 = 0. Suppose 37 = 4*f - 5*j, -5*f = c*j - j - 71. What is the remainder when 37 is divided by f?
11
Let q = -80 + 103. Calculate the remainder when q is divided by 8.
7
Suppose 0 = 5*h + 4 - 89. Suppose 3*b - 5*l - h = 0, -5*l + 2*l - 30 = -4*b. What is the remainder when 35 is divided by b?
8
Suppose 2*w - 4*a - 1 = 21, -5*a = -3*w + 30. Let n(o) = -o + 3. Let x be n(3). Suppose x = -5*d + 12 + 33. What is the remainder when d is divided by w?
4
Let q = 97 - 10. Suppose -5*i - 7 + q = 0. Suppose 7 + 17 = 4*t. What is the remainder when i is divided by t?
4
Calculate the remainder when 21 is divided by (-54)/(-6) - (-1)/1*3.
9
Let t(o) = o - 2. Let r be t(6). Suppose -r*x + 128 = -0*x. Calculate the remainder when x is divided by 17.
15
Suppose -2*z + 6*z = -c - 5, -z - 20 = 4*c. Suppose -3*i = -z*i - 21. What is the remainder when 26 is divided by i?
5
Let f = -14 + 18. Suppose 279 = 4*w + x, -w - x + 65 = f*x. Calculate the remainder when w is divided by 12.
10
Suppose i = 5, 5*y - i + 119 = 594. Suppose -a + 3*z + 10 = -8, 0 = -4*a + 4*z + y. What is the remainder when (18/10 - 1)*100 is divided by a?
26
Suppose 228 = 17*x - 13*x. What is the remainder when x is divided by 15?
12
Suppose 0 = 3*j + 43 - 328. Calculate the remainder when j is divided by 16.
15
What is the remainder when 138/(-4)*(-30)/45 is divided by 6?
5
Let y(g) = 3*g + 3. Let l be y(-7). What is the remainder when 12/(-10)*(0 - 20) is divided by 74/6 - 12/l?
11
Let s be 178/((0 - 2)/(-1)). Let b(x) = x**2 - 3*x + 1. Let k be b(4). Suppose -k*h = -s - 181. What is the remainder when h is divided by 19?
16
Let g = -32 - -60. Let i(a) = -15*a**3 + 2*a**2 + 2*a. Calculate the remainder when g is divided by i(-1).
13
Let k(d) = -38*d + 3. Calculate the remainder when k(-3) is divided by 24.
21
Suppose -t - 4*t - 30 = -5*n, 3*t + 9 = 2*n. Suppose -10*q + 411 = 251. Calculate the remainder when q is divided by n.
7
Suppose 0 = -3*x + 79 - 28. Let o = 99 - 66. What is the remainder when o is divided by x?
16
Suppose -w + 30 = 2*w. Let k = -1 + 9. Suppose -v = -37 + k. Calculate the remainder when v is divided by w.
9
Let n(o) = -17*o**3 + o**2 + 2*o. Calculate the remainder when n(-1) is divided by 13.
3
Let m(z) = 105*z - 33. Let u(o) = -13*o + 4. Let f(i) = 4*m(i) + 33*u(i). Calculate the remainder when f(-2) is divided by 10.
8
Suppose 0 = 5*z - w + 11, 0*w + 6 = -2*z + 2*w. Calculate the remainder when 31 is divided by 11/(-22) - 23/z.
9
Suppose 0 = 2*t + 6 - 64. Let r(u) = u**3 - 6*u**2 + u - 6. Let m be r(6). Calculate the remainder when t is divided by 1 + (1 - m) + 8.
9
Suppose x - 46 = -2*z + 18, 0 = 3*x + 2*z - 196. Suppose 0 = 5*o - x - 14. Calculate the remainder when 61 is divided by o.
13
Let j = -198 - -200. Calculate the remainder when 1 - (12/(-2) + 0) is divided by j.
1
Suppose 0 = -3*y - y + 32. What is the remainder when y is divided by 3?
2
Suppose -182 = -3*y + 4*q, 2*q + 0*q + 10 = 0. What is the remainder when y is divided by 8?
6
Let y(h) = 32*h**3 + h - 1. Calculate the remainder when y(1) is divided by 17.
15
Suppose -4*j = -12, -j + 27 + 98 = 2*w. Calculate the remainder when 303 is divided by w.
59
Let y(p) = -4*p**2 - 4*p + 4. Let l(s) = s**3 + s. Let a be (12/8)/(6/4). Let z(v) = a*y(v) + l(v). Calculate the remainder when 26 is divided by z(5).
12
Let w be (-2 + (-15)/(-12))*-40. Let x = w + -15. What is the remainder when x is divided by 8?
7
Let r be 194 - (0 - (-8)/2). Let o = r - 127. What is the remainder when o is divided by 13?
11
Let f = -4 + 3. Let c = f - -11. Calculate the remainder when 19 is divided by c.
9
Let q = -52 - -113. Suppose 5*f = f - 4, 5*v - q = -4*f. Suppose 12*m + 25 = 17*m. Calculate the remainder when v is divided by m.
3
Suppose 0 = -5*n - 5*g - 100, -2*g = 4*n - 33 + 109. Let h = 27 + n. What is the remainder when 34 is divided by h?
7
Suppose 2*v + 0 + 4 = 0. Let y(s) = s + 1. Let x(f) = -2*f**2 + 3*f + 3. Let q(c) = v*y(c) - x(c). Calculate t